5.
-6
Convert 2b (base 13) to base 12.
31
a1 (base 13) to base 2
10000011
1010 (base 3) to base 6
50
-21 (base 4) to base 11
-9
What is -15 (base 7) in base 16?
-c
What is 66 (base 8) in base 6?
130
Convert 1 (base 12) to base 16.
1
What is -13 (base 10) in base 15?
-d
Convert -2f (base 16) to base 5.
-142
Convert 20 (base 13) to base 4.
122
Convert -104 (base 5) to base 12.
-25
5 (base 13) to base 8
5
What is -3 (base 8) in base 6?
-3
Convert -a6 (base 11) to base 2.
-1110100
-5b (base 14) to base 9
-100
-124 (base 7) to base 11
-61
Convert -23 (base 8) to base 13.
-16
-22 (base 7) to base 3
-121
4 (base 13) to base 14
4
51 (base 7) to base 11
33
-100 (base 2) to base 9
-4
What is -8 (base 14) in base 2?
-1000
41 (base 16) to base 14
49
-2 (base 13) to base 12
-2
What is -2 (base 15) in base 4?
-2
Convert 121 (base 6) to base 3.
1211
-36 (base 7) to base 3
-1000
57 (base 14) to base 3
2212
What is 1 (base 8) in base 13?
1
4 (base 14) to base 9
4
Convert -1 (base 9) to base 5.
-1
Convert 386 (base 9) to base 15.
166
What is -200 (base 3) in base 4?
-102
Convert 3 (base 10) to base 5.
3
Convert -21 (base 3) to base 6.
-11
Convert 116 (base 8) to base 7.
141
b3 (base 15) to base 11
143
Convert 1111 (base 2) to base 6.
23
Convert 1011 (base 3) to base 6.
51
24 (base 5) to base 14
10
What is -4 (base 5) in base 14?
-4
What is -13 (base 7) in base 12?
-a
-100 (base 2) to base 16
-4
What is -1 (base 12) in base 9?
-1
What is 1241 (base 5) in base 15?
d1
Convert -1 (base 10) to base 14.
-1
15 (base 6) to base 9
12
What is -3 (base 12) in base 2?
-11
5 (base 13) to base 16
5
10 (base 4) to base 15
4
Convert 0 (base 4) to base 9.
0
Convert -10 (base 10) to base 16.
-a
What is -4 (base 16) in base 11?
-4
3c (base 13) to base 9
56
What is 3 (base 13) in base 7?
3
What is -111 (base 5) in base 6?
-51
-a (base 16) to base 5
-20
22 (base 6) to base 13
11
What is 56 (base 8) in base 13?
37
-153 (base 6) to base 12
-59
What is -12 (base 6) in base 3?
-22
What is 20 (base 7) in base 16?
e
What is -62 (base 16) in base 2?
-1100010
Convert -1 (base 5) to base 14.
-1
-2 (base 12) to base 10
-2
4 (base 9) to base 7
4
-12 (base 11) to base 5
-23
Convert 110 (base 2) to base 12.
6
Convert -63 (base 13) to base 10.
-81
Convert -142 (base 14) to base 15.
-11e
-144 (base 5) to base 10
-49
What is 14 (base 13) in base 15?
12
What is -2d (base 16) in base 7?
-63
Convert -172 (base 11) to base 4.
-3020
8b (base 14) to base 2
1111011
What is 26 (base 8) in base 13?
19
What is 4a (base 15) in base 4?
1012
Convert 12 (base 12) to base 10.
14
4 (base 6) to base 5
4
Convert -1 (base 11) to base 8.
-1
Convert -16 (base 15) to base 8.
-25
Convert 22000 (base 3) to base 6.
1000
-9 (base 13) to base 3
-100
Convert -46 (base 7) to base 5.
-114
Convert -103 (base 7) to base 13.
-40
What is 4 (base 11) in base 12?
4
Convert -2 (base 16) to base 11.
-2
-112 (base 3) to base 5
-24
20 (base 4) to base 10
8
Convert 12 (base 12) to base 8.
16
Convert 3 (base 4) to base 13.
3
-11 (base 13) to base 2
-1110
Convert 3 (base 13) to base 6.
3
Convert 2 (base 12) to base 16.
2
Convert 160 (base 7) to base 11.
83
What is -531 (base 6) in base 12?
-147
111 (base 2) to base 5
12
-8 (base 16) to base 10
-8
Convert 21 (base 16) to base 10.
33
What is -5 (base 10) in base 8?
-5
What is -4 (base 8) in base 6?
-4
Convert -6 (base 8) to base 16.
-6
What is -52 (base 10) in base 8?
-64
Convert 258 (base 11) to base 15.
155
Convert 11 (base 6) to base 10.
7
What is 27 (base 12) in base 16?
1f
Convert 9a (base 15) to base 14.
a5
What is -79 (base 16) in base 9?
-144
What is 100 (base 4) in base 16?
10
What is -45 (base 12) in base 10?
-53
What is 60 (base 7) in base 10?
42
-310 (base 4) to base 3
-1221
1 (base 16) to base 3
1
1 (base 2) to base 7
1
Convert 17 (base 10) to base 9.
18
Convert -143 (base 9) to base 5.
-440
Convert 3 (base 14) to base 13.
3
Convert -1 (base 10) to base 4.
-1
What is 3111 (base 4) in base 12?
159
-100122 (base 3) to base 14
-148
10122 (base 3) to base 10
98
What is 12 (base 3) in base 11?
5
What is -1d (base 14) in base 11?
-25
What is 431 (base 5) in base 9?
138
What is -22 (base 11) in base 8?
-30
Convert -26 (base 7) to base 16.
-14
What is -340 (base 7) in base 16?
-af
Convert c0 (base 15) to base 9.
220
Convert 10 (base 3) to base 16.
3
Convert -132 (base 8) to base 6.
-230
What is -25 (base 11) in base 16?
-1b
5c (base 13) to base 16
4d
d6 (base 14) to base 16
bc
-5 (base 11) to base 5
-10
What is e (base 16) in base 2?
1110
Convert -2 (base 14) to base 10.
-2
What is -112 (base 3) in base 14?
-10
What is 1 (base 15) in base 10?
1
What is 1 (base 7) in base 14?
1
-3 (base 4) to base 3
-10
What is -8b (base 14) in base 2?
-1111011
What is 45 (base 10) in base 8?
55
What is 17 (base 8) in base 11?
14
What is -3 (base 5) in base 11?
-3
What is 135 (base 8) in base 7?
162
Convert -20 (base 3) to base 4.
-12
Convert -82 (base 13) to base 14.
-78
Convert -44 (base 14) to base 4.
-330
0 (base 12) to base 5
0
Convert 2 (base 12) to base 7.
2
What is 11 (base 5) in base 2?
110
What is -1 (base 8) in base 3?
-1
-394 (base 10) to base 8
-612
Convert 22 (base 5) to base 13.
c
1140 (base 5) to base 3
20022
b (base 13) to base 2
1011
What is 3 (base 9) in base 14?
3
Convert -122 (base 4) to base 3.
-222
-2 (base 12) to base 4
-2
Convert -10100 (base 2) to base 13.
-17
What is -3 (base 14) in base 6?
-3
What is -10 (base 7) in base 2?
-111
Convert -12 (base 11) to base 7.
-16
What is 10 (base 13) in base 3?
111
-3 (base 13) to base 7
-3
Convert 30 (base 5) to base 15.
10
10 (base 2) to base 12
2
-12012 (base 3) to base 4
-2030
What is 12 (base 3) in base 4?
11
Convert -4 (base 6) to base 11.
-4
Convert -10000 (base 2) to base 12.
-14
Convert -32 (base 4) to base 11.
-13
19 (base 13) to base 12
1a
What is -61 (base 10) in base 11?
-56
Convert 2020 (base 3) to base 7.
114
What is 11110 (base 2) in base 12?
26
-3 (base 15) to base 3
-10
Convert -3 (base 13) to base 3.
-10
-50 (base 13) to base 4
-1001
What is -1 (base 10) in base 4?
-1
What is 0 (base 16) in base 13?
0
What is -52 (base 7) in base 9?
-41
-16 (base 8) to base 12
-12
Convert 126 (base 12) to base 10.
174
4 (base 6) to base 3
11
Convert -1 (base 15) to base 2.
-1
What is 5 (base 6) in base 14?
5
-2134 (base 5) to base 2
-100100110
What is -21002 (base 3) in base 13?
-119
-117 (base 11) to base 2
-10001011
85 (base 14) to base 4
1311
Convert 2 (base 5) to base 7.
2
Convert -8d (base 15) to base 4.
-2011
What is 20 (base 6) in base 2?
1100
-10 (base 11) to base 2
-1011
Convert -58 (base 13) to base 9.
-81
Convert 25 (base 14) to base 10.
33
What is 1 (base 9) in base 6?
1
Convert 302 (base 6) to base 10.
110
What is -4a (base 16) in base 5?
-244
What is -25 (base 7) in base 2?
-10011
Convert -43 (base 5) to base 9.
-25
Convert -43 (base 8) to base 14.
-27
Convert 1 (base 12) to base 15.
1
Convert -6 (base 14) to base 4.
-12
What is -5 (base 13) in base 7?
-5
4 (base 16) to base 3
11
213 (base 4) to base 13
30
What is 41 (base 9) in base 14?
29
What is 89 (base 12) in base 15?
70
Convert 1001100 (base 2) to base 5.
301
45 (base 7) to base 12
29
Convert -1 (base 4) to base 12.
-1
What is -52 (base 11) in base 15?
-3c
What is 7 (base 13) in base 14?
7
-100 (base 2) to base 4
-10
5 (base 8) to base 14
5
What is 23 (base 6) in base 13?
12
Convert 14 (base 8) to base 9.
13
9 (base 14) to base 12
9
Convert -16 (base 7) to base 6.
-21
What is 1313 (base 4) in base 13?
92
What is -120 (base 7) in base 11?
-58
Convert 34 (base 12) to base 11.
37
What is 39 (base 12) in base 15?
30
11 (base 4) to base 13
5
23 (base 4) to base 3
102
Convert -a0 (base 11) to base 13.
-86
-10000 (base 2) to base 9
-17
220 (base 4) to base 6
104
What is 63 (base 8) in base 13?
3c
11 (base 3) to base 13
4
What is -2 (base 5) in base 14?
-2
Convert -1 (base 16) to base 13.
-1
Convert -a9 (base 16) to base 5.
-1134
Convert 2 (base 15) to base 4.
2
4 (base 8) to base 14
4
Convert 33 (base 5) to base 8.
22
Convert 11 (base 12) to base 2.
1101
4 (base 6) to base 13
4
-202 (base 4) to base 14
-26
-62 (base 8) to base 12
-42
-11 (base 2) to base 8
-3
What is -10 (base 9) in base 10?
-9
What is 12 (base 6) in base 4?
20
9 (base 11) to base 12
9
120 (base 4) to bas